nd 6.
6
Calculate the greatest common divisor of 5075 and 8323.
203
Calculate the greatest common divisor of 1441 and 15589.
131
What is the highest common divisor of 8 and 2566?
2
Calculate the greatest common factor of 45574 and 50.
2
Calculate the greatest common factor of 1470 and 313530.
210
Calculate the highest common divisor of 410837 and 57.
19
What is the highest common divisor of 10654 and 14?
14
Calculate the highest common factor of 2226640 and 13.
13
Calculate the greatest common divisor of 732 and 71980.
244
Calculate the greatest common divisor of 1560 and 1092.
156
Calculate the greatest common divisor of 2758 and 1596.
14
What is the highest common factor of 12060 and 39168?
36
Calculate the greatest common factor of 108 and 219.
3
Calculate the highest common factor of 630 and 49490.
70
Calculate the highest common factor of 448 and 996.
4
Calculate the highest common factor of 1442 and 3194030.
1442
What is the greatest common factor of 32 and 90272?
32
What is the highest common factor of 27 and 112239?
27
What is the greatest common factor of 3990 and 390640?
190
Calculate the greatest common factor of 254366 and 294.
14
Calculate the greatest common divisor of 6890 and 1950.
130
What is the greatest common divisor of 38443 and 148?
37
Calculate the greatest common divisor of 4887621 and 83.
83
Calculate the highest common divisor of 462 and 13295436.
462
Calculate the greatest common factor of 65372 and 826.
118
What is the greatest common factor of 126 and 72000?
18
What is the greatest common divisor of 132 and 14364?
12
Calculate the highest common factor of 2783070 and 18.
18
What is the greatest common divisor of 15 and 210170?
5
What is the highest common factor of 186 and 373953?
93
What is the greatest common factor of 458101 and 196?
49
What is the greatest common factor of 219 and 77453?
73
Calculate the greatest common divisor of 59689 and 77.
7
Calculate the greatest common factor of 2035 and 370.
185
Calculate the greatest common divisor of 8463 and 832650.
273
What is the greatest common factor of 156 and 4693?
13
What is the highest common divisor of 3670 and 5090?
10
What is the highest common factor of 191635 and 15?
5
What is the highest common factor of 893596 and 4048?
1012
What is the highest common divisor of 959576 and 228?
76
What is the highest common factor of 2869 and 304?
19
What is the highest common factor of 16302 and 754338?
1482
What is the highest common divisor of 3520204 and 692?
692
Calculate the greatest common factor of 677179 and 13224.
551
Calculate the greatest common factor of 39804 and 71796.
372
Calculate the greatest common divisor of 11907 and 18914.
49
Calculate the highest common factor of 609 and 52635.
87
What is the greatest common divisor of 48241 and 57?
19
Calculate the highest common factor of 38 and 243637.
19
What is the greatest common factor of 1574436 and 24?
12
Calculate the greatest common factor of 2012 and 324.
4
Calculate the highest common factor of 994 and 16282.
14
What is the greatest common factor of 123390 and 20?
10
Calculate the greatest common divisor of 13181 and 166511.
269
Calculate the highest common factor of 20475 and 7.
7
Calculate the greatest common divisor of 2502471 and 258.
129
Calculate the highest common divisor of 156 and 14085474.
78
What is the highest common divisor of 1878 and 1626?
6
Calculate the highest common divisor of 36 and 458.
2
Calculate the greatest common divisor of 133684 and 38.
38
Calculate the greatest common factor of 15600 and 6162.
78
Calculate the highest common divisor of 8876 and 1092.
28
Calculate the greatest common factor of 140 and 173390.
70
Calculate the greatest common divisor of 1887 and 33337.
629
What is the highest common factor of 1357 and 3776?
59
What is the highest common divisor of 354124 and 4460?
892
What is the greatest common divisor of 2910689 and 34?
17
Calculate the highest common divisor of 82352 and 12.
4
Calculate the greatest common divisor of 630 and 151395.
15
Calculate the highest common divisor of 56 and 186305.
7
What is the greatest common divisor of 1440 and 2003280?
240
Calculate the greatest common divisor of 1921 and 38307.
113
Calculate the highest common divisor of 178104 and 96.
24
What is the highest common divisor of 98 and 1093043?
49
What is the highest common divisor of 3991 and 36686?
13
What is the highest common divisor of 5838 and 1762103?
973
What is the highest common divisor of 609 and 26565?
21
Calculate the greatest common divisor of 887771 and 283.
283
What is the highest common factor of 1520233 and 143?
143
What is the greatest common factor of 671 and 488?
61
What is the greatest common divisor of 8165 and 44375?
355
What is the greatest common factor of 5240283 and 3?
3
What is the highest common factor of 318 and 9576252?
318
What is the highest common divisor of 3372 and 693?
3
What is the highest common factor of 73948 and 15428?
532
What is the highest common divisor of 14469 and 1272?
159
What is the greatest common factor of 124264 and 17118?
634
Calculate the greatest common factor of 19716 and 1484.
212
Calculate the highest common factor of 174 and 327207.
87
Calculate the greatest common divisor of 3260 and 2260.
20
Calculate the greatest common divisor of 82707 and 7581.
57
Calculate the highest common factor of 203 and 503.
1
Calculate the highest common divisor of 682 and 806.
62
Calculate the greatest common factor of 103297 and 1696.
53
What is the greatest common divisor of 4685156 and 894?
298
Calculate the greatest common divisor of 27 and 171909.
27
What is the highest common factor of 128 and 149440?
64
What is the highest common factor of 3689 and 45570?
217
Calculate the highest common divisor of 36 and 225090.
18
What is the highest common divisor of 185904 and 162?
18
What is the greatest common divisor of 30765 and 9975?
105
What is the greatest common factor of 480 and 877536?
96
What is the highest common divisor of 13 and 461149?
13
What is the greatest common factor of 118825 and 10?
5
Calculate the greatest common divisor of 1334268 and 468.
468
Calculate the greatest common factor of 29645 and 139601.
539
Calculate the greatest common factor of 2132 and 3172949.
533
What is the greatest common divisor of 220 and 1900?
20
Calculate the highest common factor of 4 and 104372.
4
Calculate the greatest common factor of 1141 and 1956.
163
What is the greatest common divisor of 1310 and 333395?
655
What is the highest common divisor of 170 and 3364980?
170
Calculate the highest common factor of 80162 and 11029.
269
What is the greatest common factor of 182886 and 153?
51
Calculate the highest common factor of 3 and 2462220.
3
What is the highest common factor of 97965 and 735?
105
Calculate the greatest common factor of 40 and 21656.
8
What is the greatest common divisor of 36 and 4145736?
12
Calculate the greatest common divisor of 477 and 20457.
9
What is the greatest common factor of 5738 and 15238?
38
Calculate the greatest common factor of 225 and 10425.
75
What is the greatest common divisor of 588 and 2514?
6
What is the highest common divisor of 51875 and 4067?
83
What is the greatest common divisor of 211321 and 11?
11
What is the greatest common factor of 3162500 and 1250?
1250
What is the greatest common divisor of 30639 and 5397?
21
Calculate the highest common factor of 13179 and 495072.
573
What is the highest common divisor of 3165350 and 87?
29
Calculate the highest common divisor of 480 and 36120.
120
What is the greatest common divisor of 5644 and 332?
332
Calculate the highest common divisor of 5941 and 19.
1
Calculate the highest common factor of 56 and 130564.
28
Calculate the highest common factor of 8809 and 11707.
23
Calculate the highest common divisor of 103958 and 2714.
118
Calculate the highest common factor of 702615 and 135.
15
What is the highest common divisor of 5 and 421900?
5
Calculate the highest common factor of 228 and 135033.
57
Calculate the greatest common factor of 306 and 4838625.
153
What is the highest common factor of 22654 and 3133?
241
Calculate the greatest common divisor of 211458 and 78.
78
What is the highest common divisor of 10302 and 101?
101
Calculate the greatest c